{"id":2095,"date":"2025-06-13T08:57:24","date_gmt":"2025-06-13T08:57:24","guid":{"rendered":"https:\/\/i-kahawa.com\/index.php\/product\/cafe-bourbon-de-kayanza-moulu\/"},"modified":"2025-06-13T09:07:58","modified_gmt":"2025-06-13T09:07:58","slug":"cafe-bourbon-de-kayanza-moulu","status":"publish","type":"product","link":"https:\/\/i-kahawa.com\/index.php\/product\/cafe-bourbon-de-kayanza-moulu\/","title":{"rendered":"Caf\u00e9 Bourbon de Kayanza &#8211; Moulu"},"content":{"rendered":"<p>Notre c\u00e9l\u00e8bre caf\u00e9 Bourbon de Kayanza, fra\u00eechement moulu pour une pr\u00e9paration facile et une extraction parfaite en cafeti\u00e8re filtre.<\/p>\n","protected":false},"excerpt":{"rendered":"<p>Notes de chocolat noir et d&#8217;agrumes. Torr\u00e9faction moyenne, mouture pour filtre.<\/p>\n","protected":false},"featured_media":2085,"template":"","meta":{"_acf_changed":false},"product_brand":[],"product_cat":[23],"product_tag":[],"class_list":{"0":"post-2095","1":"product","2":"type-product","3":"status-publish","4":"has-post-thumbnail","6":"product_cat-drinks","8":"first","9":"instock","10":"shipping-taxable","11":"purchasable","12":"product-type-simple"},"acf":[],"yoast_head":"<!-- This site is optimized with the Yoast SEO plugin v25.2 - https:\/\/yoast.com\/wordpress\/plugins\/seo\/ -->\n<title>Caf\u00e9 Bourbon de Kayanza - Moulu - IKAWA<\/title>\n<meta name=\"robots\" content=\"index, follow, max-snippet:-1, max-image-preview:large, max-video-preview:-1\" \/>\n<link rel=\"canonical\" href=\"https:\/\/i-kahawa.com\/index.php\/product\/cafe-bourbon-de-kayanza-moulu\/\" \/>\n<meta property=\"og:locale\" content=\"en_US\" \/>\n<meta property=\"og:type\" content=\"article\" \/>\n<meta property=\"og:title\" content=\"Caf\u00e9 Bourbon de Kayanza - Moulu - IKAWA\" \/>\n<meta property=\"og:description\" content=\"Notes de chocolat noir et d&#039;agrumes. Torr\u00e9faction moyenne, mouture pour filtre.\" \/>\n<meta property=\"og:url\" content=\"https:\/\/i-kahawa.com\/index.php\/product\/cafe-bourbon-de-kayanza-moulu\/\" \/>\n<meta property=\"og:site_name\" content=\"IKAWA\" \/>\n<meta property=\"article:modified_time\" content=\"2025-06-13T09:07:58+00:00\" \/>\n<meta property=\"og:image\" content=\"https:\/\/i-kahawa.com\/wp-content\/uploads\/2025\/06\/nathan-dumlao-ikU3J1nr52w-unsplash-1-scaled.jpg\" \/>\n\t<meta property=\"og:image:width\" content=\"1707\" \/>\n\t<meta property=\"og:image:height\" content=\"2560\" \/>\n\t<meta property=\"og:image:type\" content=\"image\/jpeg\" \/>\n<meta name=\"twitter:card\" content=\"summary_large_image\" \/>\n<script type=\"application\/ld+json\" class=\"yoast-schema-graph\">{\"@context\":\"https:\/\/schema.org\",\"@graph\":[{\"@type\":\"WebPage\",\"@id\":\"https:\/\/i-kahawa.com\/index.php\/product\/cafe-bourbon-de-kayanza-moulu\/\",\"url\":\"https:\/\/i-kahawa.com\/index.php\/product\/cafe-bourbon-de-kayanza-moulu\/\",\"name\":\"Caf\u00e9 Bourbon de Kayanza - Moulu - IKAWA\",\"isPartOf\":{\"@id\":\"https:\/\/i-kahawa.com\/#website\"},\"primaryImageOfPage\":{\"@id\":\"https:\/\/i-kahawa.com\/index.php\/product\/cafe-bourbon-de-kayanza-moulu\/#primaryimage\"},\"image\":{\"@id\":\"https:\/\/i-kahawa.com\/index.php\/product\/cafe-bourbon-de-kayanza-moulu\/#primaryimage\"},\"thumbnailUrl\":\"https:\/\/i-kahawa.com\/wp-content\/uploads\/2025\/06\/nathan-dumlao-ikU3J1nr52w-unsplash-1-scaled.jpg\",\"datePublished\":\"2025-06-13T08:57:24+00:00\",\"dateModified\":\"2025-06-13T09:07:58+00:00\",\"breadcrumb\":{\"@id\":\"https:\/\/i-kahawa.com\/index.php\/product\/cafe-bourbon-de-kayanza-moulu\/#breadcrumb\"},\"inLanguage\":\"en-US\",\"potentialAction\":[{\"@type\":\"ReadAction\",\"target\":[\"https:\/\/i-kahawa.com\/index.php\/product\/cafe-bourbon-de-kayanza-moulu\/\"]}]},{\"@type\":\"ImageObject\",\"inLanguage\":\"en-US\",\"@id\":\"https:\/\/i-kahawa.com\/index.php\/product\/cafe-bourbon-de-kayanza-moulu\/#primaryimage\",\"url\":\"https:\/\/i-kahawa.com\/wp-content\/uploads\/2025\/06\/nathan-dumlao-ikU3J1nr52w-unsplash-1-scaled.jpg\",\"contentUrl\":\"https:\/\/i-kahawa.com\/wp-content\/uploads\/2025\/06\/nathan-dumlao-ikU3J1nr52w-unsplash-1-scaled.jpg\",\"width\":1707,\"height\":2560},{\"@type\":\"BreadcrumbList\",\"@id\":\"https:\/\/i-kahawa.com\/index.php\/product\/cafe-bourbon-de-kayanza-moulu\/#breadcrumb\",\"itemListElement\":[{\"@type\":\"ListItem\",\"position\":1,\"name\":\"Home\",\"item\":\"https:\/\/i-kahawa.com\/\"},{\"@type\":\"ListItem\",\"position\":2,\"name\":\"Shop\",\"item\":\"https:\/\/i-kahawa.com\/index.php\/shop-2\/\"},{\"@type\":\"ListItem\",\"position\":3,\"name\":\"Caf\u00e9 Bourbon de Kayanza &#8211; Moulu\"}]},{\"@type\":\"WebSite\",\"@id\":\"https:\/\/i-kahawa.com\/#website\",\"url\":\"https:\/\/i-kahawa.com\/\",\"name\":\"IKAWA\",\"description\":\"Burundian Coffee\",\"potentialAction\":[{\"@type\":\"SearchAction\",\"target\":{\"@type\":\"EntryPoint\",\"urlTemplate\":\"https:\/\/i-kahawa.com\/?s={search_term_string}\"},\"query-input\":{\"@type\":\"PropertyValueSpecification\",\"valueRequired\":true,\"valueName\":\"search_term_string\"}}],\"inLanguage\":\"en-US\"}]}<\/script>\n<!-- \/ Yoast SEO plugin. -->","yoast_head_json":{"title":"Caf\u00e9 Bourbon de Kayanza - Moulu - IKAWA","robots":{"index":"index","follow":"follow","max-snippet":"max-snippet:-1","max-image-preview":"max-image-preview:large","max-video-preview":"max-video-preview:-1"},"canonical":"https:\/\/i-kahawa.com\/index.php\/product\/cafe-bourbon-de-kayanza-moulu\/","og_locale":"en_US","og_type":"article","og_title":"Caf\u00e9 Bourbon de Kayanza - Moulu - IKAWA","og_description":"Notes de chocolat noir et d'agrumes. Torr\u00e9faction moyenne, mouture pour filtre.","og_url":"https:\/\/i-kahawa.com\/index.php\/product\/cafe-bourbon-de-kayanza-moulu\/","og_site_name":"IKAWA","article_modified_time":"2025-06-13T09:07:58+00:00","og_image":[{"width":1707,"height":2560,"url":"https:\/\/i-kahawa.com\/wp-content\/uploads\/2025\/06\/nathan-dumlao-ikU3J1nr52w-unsplash-1-scaled.jpg","type":"image\/jpeg"}],"twitter_card":"summary_large_image","schema":{"@context":"https:\/\/schema.org","@graph":[{"@type":"WebPage","@id":"https:\/\/i-kahawa.com\/index.php\/product\/cafe-bourbon-de-kayanza-moulu\/","url":"https:\/\/i-kahawa.com\/index.php\/product\/cafe-bourbon-de-kayanza-moulu\/","name":"Caf\u00e9 Bourbon de Kayanza - Moulu - IKAWA","isPartOf":{"@id":"https:\/\/i-kahawa.com\/#website"},"primaryImageOfPage":{"@id":"https:\/\/i-kahawa.com\/index.php\/product\/cafe-bourbon-de-kayanza-moulu\/#primaryimage"},"image":{"@id":"https:\/\/i-kahawa.com\/index.php\/product\/cafe-bourbon-de-kayanza-moulu\/#primaryimage"},"thumbnailUrl":"https:\/\/i-kahawa.com\/wp-content\/uploads\/2025\/06\/nathan-dumlao-ikU3J1nr52w-unsplash-1-scaled.jpg","datePublished":"2025-06-13T08:57:24+00:00","dateModified":"2025-06-13T09:07:58+00:00","breadcrumb":{"@id":"https:\/\/i-kahawa.com\/index.php\/product\/cafe-bourbon-de-kayanza-moulu\/#breadcrumb"},"inLanguage":"en-US","potentialAction":[{"@type":"ReadAction","target":["https:\/\/i-kahawa.com\/index.php\/product\/cafe-bourbon-de-kayanza-moulu\/"]}]},{"@type":"ImageObject","inLanguage":"en-US","@id":"https:\/\/i-kahawa.com\/index.php\/product\/cafe-bourbon-de-kayanza-moulu\/#primaryimage","url":"https:\/\/i-kahawa.com\/wp-content\/uploads\/2025\/06\/nathan-dumlao-ikU3J1nr52w-unsplash-1-scaled.jpg","contentUrl":"https:\/\/i-kahawa.com\/wp-content\/uploads\/2025\/06\/nathan-dumlao-ikU3J1nr52w-unsplash-1-scaled.jpg","width":1707,"height":2560},{"@type":"BreadcrumbList","@id":"https:\/\/i-kahawa.com\/index.php\/product\/cafe-bourbon-de-kayanza-moulu\/#breadcrumb","itemListElement":[{"@type":"ListItem","position":1,"name":"Home","item":"https:\/\/i-kahawa.com\/"},{"@type":"ListItem","position":2,"name":"Shop","item":"https:\/\/i-kahawa.com\/index.php\/shop-2\/"},{"@type":"ListItem","position":3,"name":"Caf\u00e9 Bourbon de Kayanza &#8211; Moulu"}]},{"@type":"WebSite","@id":"https:\/\/i-kahawa.com\/#website","url":"https:\/\/i-kahawa.com\/","name":"IKAWA","description":"Burundian Coffee","potentialAction":[{"@type":"SearchAction","target":{"@type":"EntryPoint","urlTemplate":"https:\/\/i-kahawa.com\/?s={search_term_string}"},"query-input":{"@type":"PropertyValueSpecification","valueRequired":true,"valueName":"search_term_string"}}],"inLanguage":"en-US"}]}},"_links":{"self":[{"href":"https:\/\/i-kahawa.com\/index.php\/wp-json\/wp\/v2\/product\/2095","targetHints":{"allow":["GET"]}}],"collection":[{"href":"https:\/\/i-kahawa.com\/index.php\/wp-json\/wp\/v2\/product"}],"about":[{"href":"https:\/\/i-kahawa.com\/index.php\/wp-json\/wp\/v2\/types\/product"}],"wp:featuredmedia":[{"embeddable":true,"href":"https:\/\/i-kahawa.com\/index.php\/wp-json\/wp\/v2\/media\/2085"}],"wp:attachment":[{"href":"https:\/\/i-kahawa.com\/index.php\/wp-json\/wp\/v2\/media?parent=2095"}],"wp:term":[{"taxonomy":"product_brand","embeddable":true,"href":"https:\/\/i-kahawa.com\/index.php\/wp-json\/wp\/v2\/product_brand?post=2095"},{"taxonomy":"product_cat","embeddable":true,"href":"https:\/\/i-kahawa.com\/index.php\/wp-json\/wp\/v2\/product_cat?post=2095"},{"taxonomy":"product_tag","embeddable":true,"href":"https:\/\/i-kahawa.com\/index.php\/wp-json\/wp\/v2\/product_tag?post=2095"}],"curies":[{"name":"wp","href":"https:\/\/api.w.org\/{rel}","templated":true}]}}